{"id":4077,"date":"2021-06-10T09:01:48","date_gmt":"2021-06-10T09:01:48","guid":{"rendered":"https:\/\/biotellus.qodeinteractive.com\/?page_id=4077"},"modified":"2024-06-29T14:36:33","modified_gmt":"2024-06-29T14:36:33","slug":"ecologia-ambiente","status":"publish","type":"page","link":"https:\/\/spazio11.it\/index.php\/ecologia-ambiente\/","title":{"rendered":"Ecologia Ambiente"},"content":{"rendered":"\t\t<div data-elementor-type=\"wp-page\" data-elementor-id=\"4077\" class=\"elementor elementor-4077\">\n\t\t\t\t\t\t<section class=\"elementor-section elementor-top-section elementor-element elementor-element-6561a9f elementor-section-full_width elementor-section-height-default elementor-section-height-default qodef-elementor-content-no qodef-vertical-text-holder-no\" data-id=\"6561a9f\" data-element_type=\"section\">\n\t\t\t\t\t\t<div class=\"elementor-container elementor-column-gap-default\">\n\t\t\t\t\t<div class=\"elementor-column elementor-col-50 elementor-top-column elementor-element elementor-element-060e7b3\" data-id=\"060e7b3\" data-element_type=\"column\">\n\t\t\t<div class=\"elementor-widget-wrap elementor-element-populated\">\n\t\t\t\t\t\t<div class=\"elementor-element elementor-element-4f3bef1 elementor-widget elementor-widget-biotellus_core_section_title\" data-id=\"4f3bef1\" data-element_type=\"widget\" data-widget_type=\"biotellus_core_section_title.default\">\n\t\t\t\t<div class=\"elementor-widget-container\">\n\t\t\t\t\t<div class=\"qodef-shortcode qodef-m  qodef-section-title qodef-alignment--left qodef-title-break--disabled  \">\n    <div class=\"qodef-title-wrapper\">\n        \t<p class=\"qodef-m-subtitle\" >\n        Spazi pubblici e privati    <\/p>\n        \t<h3 class=\"qodef-m-title\" >\n\t\t\t\t\tPulizia e decoro degli<br \/> ambienti urbani\t\t\t<\/h3>\n    <\/div>\n    \t\t<p class=\"qodef-m-text\" style=\"margin-top: 16px\">Siamo un Gestore Ambientale certificato per la spazzatura meccanizzata di piazze, parcheggi e strade. Realizziamo anche la pulizia manuale di marciapiedi e camminamenti con soffiatori e aspiratori. \nUtilizziamo mezzi di ultima generazione con elevate prestazioni tecniche e tecnologiche. <\/p>\n<\/div>\n\t\t\t\t<\/div>\n\t\t\t\t<\/div>\n\t\t\t\t<div class=\"elementor-element elementor-element-7a6e994 elementor-widget elementor-widget-biotellus_core_button\" data-id=\"7a6e994\" data-element_type=\"widget\" data-widget_type=\"biotellus_core_button.default\">\n\t\t\t\t<div class=\"elementor-widget-container\">\n\t\t\t\t\t<a class=\"qodef-shortcode qodef-m  qodef-button qodef-layout--filled  qodef-html--link\" href=\"https:\/\/spazio11.it\/index.php\/2023\/10\/12\/pulizia-e-decoro-degli-ambienti-urbani\/\" target=\"_self\"  >\n\t<span class=\"qodef-m-text\">Scopri di pi\u00f9<\/span>\n<\/a>\n\t\t\t\t<\/div>\n\t\t\t\t<\/div>\n\t\t\t\t\t<\/div>\n\t\t<\/div>\n\t\t\t\t<div class=\"elementor-column elementor-col-50 elementor-top-column elementor-element elementor-element-754b782\" data-id=\"754b782\" data-element_type=\"column\">\n\t\t\t<div class=\"elementor-widget-wrap elementor-element-populated\">\n\t\t\t\t\t\t<div class=\"elementor-element elementor-element-f1f4850 elementor-widget elementor-widget-biotellus_core_single_image\" data-id=\"f1f4850\" data-element_type=\"widget\" data-widget_type=\"biotellus_core_single_image.default\">\n\t\t\t\t<div class=\"elementor-widget-container\">\n\t\t\t\t\t<div class=\"qodef-shortcode qodef-m  qodef-single-image qodef-layout--default \" data-viewport-offset=\"0.3\">\n\t<div class=\"qodef-m-image\">\n\t\t\t<img fetchpriority=\"high\" decoding=\"async\" width=\"1100\" height=\"894\" src=\"https:\/\/spazio11.it\/wp-content\/uploads\/2023\/10\/pulizie-decoro-01_1100x894.jpg\" class=\"attachment-full size-full\" alt=\"\" srcset=\"https:\/\/spazio11.it\/wp-content\/uploads\/2023\/10\/pulizie-decoro-01_1100x894.jpg 1100w, https:\/\/spazio11.it\/wp-content\/uploads\/2023\/10\/pulizie-decoro-01_1100x894-600x488.jpg 600w, https:\/\/spazio11.it\/wp-content\/uploads\/2023\/10\/pulizie-decoro-01_1100x894-300x244.jpg 300w, https:\/\/spazio11.it\/wp-content\/uploads\/2023\/10\/pulizie-decoro-01_1100x894-1024x832.jpg 1024w, https:\/\/spazio11.it\/wp-content\/uploads\/2023\/10\/pulizie-decoro-01_1100x894-768x624.jpg 768w\" sizes=\"(max-width: 1100px) 100vw, 1100px\" \/>\t<\/div>\n<\/div>\n\t\t\t\t<\/div>\n\t\t\t\t<\/div>\n\t\t\t\t\t<\/div>\n\t\t<\/div>\n\t\t\t\t\t<\/div>\n\t\t<\/section>\n\t\t\t\t<section class=\"elementor-section elementor-top-section elementor-element elementor-element-363e8ee elementor-section-full_width elementor-section-height-default elementor-section-height-default qodef-elementor-content-no qodef-vertical-text-holder-no\" data-id=\"363e8ee\" data-element_type=\"section\">\n\t\t\t\t\t\t<div class=\"elementor-container elementor-column-gap-default\">\n\t\t\t\t\t<div class=\"elementor-column elementor-col-50 elementor-top-column elementor-element elementor-element-491eed1\" data-id=\"491eed1\" data-element_type=\"column\">\n\t\t\t<div class=\"elementor-widget-wrap elementor-element-populated\">\n\t\t\t\t\t\t<div class=\"elementor-element elementor-element-1102852 elementor-widget elementor-widget-biotellus_core_single_image\" data-id=\"1102852\" data-element_type=\"widget\" data-widget_type=\"biotellus_core_single_image.default\">\n\t\t\t\t<div class=\"elementor-widget-container\">\n\t\t\t\t\t<div class=\"qodef-shortcode qodef-m  qodef-single-image qodef-layout--default \" data-viewport-offset=\"0.3\">\n\t<div class=\"qodef-m-image\">\n\t\t\t<img decoding=\"async\" width=\"1100\" height=\"894\" src=\"https:\/\/spazio11.it\/wp-content\/uploads\/2023\/10\/pulizie-decoro-05_1100x894.jpg\" class=\"attachment-full size-full\" alt=\"\" srcset=\"https:\/\/spazio11.it\/wp-content\/uploads\/2023\/10\/pulizie-decoro-05_1100x894.jpg 1100w, https:\/\/spazio11.it\/wp-content\/uploads\/2023\/10\/pulizie-decoro-05_1100x894-600x488.jpg 600w, https:\/\/spazio11.it\/wp-content\/uploads\/2023\/10\/pulizie-decoro-05_1100x894-300x244.jpg 300w, https:\/\/spazio11.it\/wp-content\/uploads\/2023\/10\/pulizie-decoro-05_1100x894-1024x832.jpg 1024w, https:\/\/spazio11.it\/wp-content\/uploads\/2023\/10\/pulizie-decoro-05_1100x894-768x624.jpg 768w\" sizes=\"(max-width: 1100px) 100vw, 1100px\" \/>\t<\/div>\n<\/div>\n\t\t\t\t<\/div>\n\t\t\t\t<\/div>\n\t\t\t\t\t<\/div>\n\t\t<\/div>\n\t\t\t\t<div class=\"elementor-column elementor-col-50 elementor-top-column elementor-element elementor-element-fd07365\" data-id=\"fd07365\" data-element_type=\"column\">\n\t\t\t<div class=\"elementor-widget-wrap elementor-element-populated\">\n\t\t\t\t\t\t<div class=\"elementor-element elementor-element-0991718 elementor-widget elementor-widget-biotellus_core_section_title\" data-id=\"0991718\" data-element_type=\"widget\" data-widget_type=\"biotellus_core_section_title.default\">\n\t\t\t\t<div class=\"elementor-widget-container\">\n\t\t\t\t\t<div class=\"qodef-shortcode qodef-m  qodef-section-title qodef-alignment--left qodef-title-break--disabled  \">\n    <div class=\"qodef-title-wrapper\">\n        \t<p class=\"qodef-m-subtitle\" >\n        Tecnologia e innovazione    <\/p>\n        \t<h3 class=\"qodef-m-title\" >\n\t\t\t\t\tAttrezzature e mezzi di<br \/> ultima generazione\t\t\t<\/h3>\n    <\/div>\n    \t\t<p class=\"qodef-m-text\" style=\"margin-top: 16px\">Le nostre spazzatrici stradali di ultima generazione sono dotate di spruzzatori ad acqua per abbattere le polveri e di spazzole rotanti su braccio mobile in grado di estirpare anche l&#039;erba. Hanno, inoltre, un sistema aspirato di caricamento rifiuti che garantisce le massime prestazioni in ogni situazione.<\/p>\n<\/div>\n\t\t\t\t<\/div>\n\t\t\t\t<\/div>\n\t\t\t\t<div class=\"elementor-element elementor-element-c90e687 elementor-widget elementor-widget-biotellus_core_button\" data-id=\"c90e687\" data-element_type=\"widget\" data-widget_type=\"biotellus_core_button.default\">\n\t\t\t\t<div class=\"elementor-widget-container\">\n\t\t\t\t\t<a class=\"qodef-shortcode qodef-m  qodef-button qodef-layout--filled  qodef-html--link\" href=\"https:\/\/spazio11.it\/index.php\/noleggio-mezzi\/\" target=\"_self\"  >\n\t<span class=\"qodef-m-text\">Noleggia<\/span>\n<\/a>\n\t\t\t\t<\/div>\n\t\t\t\t<\/div>\n\t\t\t\t\t<\/div>\n\t\t<\/div>\n\t\t\t\t\t<\/div>\n\t\t<\/section>\n\t\t\t\t<section class=\"elementor-section elementor-top-section elementor-element elementor-element-531d6fb elementor-section-full_width elementor-section-height-default elementor-section-height-default qodef-elementor-content-no qodef-vertical-text-holder-no\" data-id=\"531d6fb\" data-element_type=\"section\">\n\t\t\t\t\t\t<div class=\"elementor-container elementor-column-gap-default\">\n\t\t\t\t\t<div class=\"elementor-column elementor-col-50 elementor-top-column elementor-element elementor-element-6e9e8b7\" data-id=\"6e9e8b7\" data-element_type=\"column\">\n\t\t\t<div class=\"elementor-widget-wrap elementor-element-populated\">\n\t\t\t\t\t\t<div class=\"elementor-element elementor-element-5af33cc elementor-widget elementor-widget-biotellus_core_section_title\" data-id=\"5af33cc\" data-element_type=\"widget\" data-widget_type=\"biotellus_core_section_title.default\">\n\t\t\t\t<div class=\"elementor-widget-container\">\n\t\t\t\t\t<div class=\"qodef-shortcode qodef-m  qodef-section-title qodef-alignment--left qodef-title-break--disabled  \">\n    <div class=\"qodef-title-wrapper\">\n        \t<p class=\"qodef-m-subtitle\" >\n        Ecocentro    <\/p>\n        \t<h3 class=\"qodef-m-title\" >\n\t\t\t\t\tGestione ecocentri \t\t\t<\/h3>\n    <\/div>\n    \t\t<p class=\"qodef-m-text\" style=\"margin-top: 16px\">Un servizio altamente qualificato che contribuisce all&#039;educazione ambientale delle localit\u00e0 sui temi dell&#039;economia circolare. Recupero differenziato, riciclo e riuso dei materiali; economia blu e green; inclusione sociale. Sono alcuni tra i temi che fanno dell&#039;ecologia un settore di grande innovazione. I nostri operatori sono addestrati e adeguatamente formati per le mansioni assegnate, coordinati da personale tecnico di servizio.<\/p>\n<\/div>\n\t\t\t\t<\/div>\n\t\t\t\t<\/div>\n\t\t\t\t<div class=\"elementor-element elementor-element-c57121e elementor-widget elementor-widget-biotellus_core_button\" data-id=\"c57121e\" data-element_type=\"widget\" data-widget_type=\"biotellus_core_button.default\">\n\t\t\t\t<div class=\"elementor-widget-container\">\n\t\t\t\t\t<a class=\"qodef-shortcode qodef-m  qodef-button qodef-layout--filled  qodef-html--link\" href=\"https:\/\/spazio11.it\/index.php\/2021\/10\/26\/gestione-eco-centri-e-recupero-ambientale\/\" target=\"_self\"  >\n\t<span class=\"qodef-m-text\">Ecocentro di Valeggio s\/M<\/span>\n<\/a>\n\t\t\t\t<\/div>\n\t\t\t\t<\/div>\n\t\t\t\t\t<\/div>\n\t\t<\/div>\n\t\t\t\t<div class=\"elementor-column elementor-col-50 elementor-top-column elementor-element elementor-element-28f08b6\" data-id=\"28f08b6\" data-element_type=\"column\">\n\t\t\t<div class=\"elementor-widget-wrap elementor-element-populated\">\n\t\t\t\t\t\t<div class=\"elementor-element elementor-element-5a29496 elementor-widget elementor-widget-biotellus_core_single_image\" data-id=\"5a29496\" data-element_type=\"widget\" data-widget_type=\"biotellus_core_single_image.default\">\n\t\t\t\t<div class=\"elementor-widget-container\">\n\t\t\t\t\t<div class=\"qodef-shortcode qodef-m  qodef-single-image qodef-layout--default \" data-viewport-offset=\"0.3\">\n\t<div class=\"qodef-m-image\">\n\t\t\t<img decoding=\"async\" width=\"1100\" height=\"894\" src=\"https:\/\/spazio11.it\/wp-content\/uploads\/2023\/10\/pulizie-decoro-03_1100x894.jpg\" class=\"attachment-full size-full\" alt=\"\" srcset=\"https:\/\/spazio11.it\/wp-content\/uploads\/2023\/10\/pulizie-decoro-03_1100x894.jpg 1100w, https:\/\/spazio11.it\/wp-content\/uploads\/2023\/10\/pulizie-decoro-03_1100x894-600x488.jpg 600w, https:\/\/spazio11.it\/wp-content\/uploads\/2023\/10\/pulizie-decoro-03_1100x894-300x244.jpg 300w, https:\/\/spazio11.it\/wp-content\/uploads\/2023\/10\/pulizie-decoro-03_1100x894-1024x832.jpg 1024w, https:\/\/spazio11.it\/wp-content\/uploads\/2023\/10\/pulizie-decoro-03_1100x894-768x624.jpg 768w\" sizes=\"(max-width: 1100px) 100vw, 1100px\" \/>\t<\/div>\n<\/div>\n\t\t\t\t<\/div>\n\t\t\t\t<\/div>\n\t\t\t\t\t<\/div>\n\t\t<\/div>\n\t\t\t\t\t<\/div>\n\t\t<\/section>\n\t\t\t\t<section class=\"elementor-section elementor-top-section elementor-element elementor-element-0a2a7ed elementor-section-full_width elementor-section-height-default elementor-section-height-default qodef-elementor-content-no qodef-vertical-text-holder-no\" data-id=\"0a2a7ed\" data-element_type=\"section\">\n\t\t\t\t\t\t<div class=\"elementor-container elementor-column-gap-default\">\n\t\t\t\t\t<div class=\"elementor-column elementor-col-50 elementor-top-column elementor-element elementor-element-d031963\" data-id=\"d031963\" data-element_type=\"column\">\n\t\t\t<div class=\"elementor-widget-wrap elementor-element-populated\">\n\t\t\t\t\t\t<div class=\"elementor-element elementor-element-2e5421e elementor-widget elementor-widget-biotellus_core_single_image\" data-id=\"2e5421e\" data-element_type=\"widget\" data-widget_type=\"biotellus_core_single_image.default\">\n\t\t\t\t<div class=\"elementor-widget-container\">\n\t\t\t\t\t<div class=\"qodef-shortcode qodef-m  qodef-single-image qodef-layout--default \" data-viewport-offset=\"0.3\">\n\t<div class=\"qodef-m-image\">\n\t\t\t<img loading=\"lazy\" decoding=\"async\" width=\"1100\" height=\"894\" src=\"https:\/\/spazio11.it\/wp-content\/uploads\/2023\/10\/pulizie-decoro-04_1100x894.jpg\" class=\"attachment-full size-full\" alt=\"\" srcset=\"https:\/\/spazio11.it\/wp-content\/uploads\/2023\/10\/pulizie-decoro-04_1100x894.jpg 1100w, https:\/\/spazio11.it\/wp-content\/uploads\/2023\/10\/pulizie-decoro-04_1100x894-600x488.jpg 600w, https:\/\/spazio11.it\/wp-content\/uploads\/2023\/10\/pulizie-decoro-04_1100x894-300x244.jpg 300w, https:\/\/spazio11.it\/wp-content\/uploads\/2023\/10\/pulizie-decoro-04_1100x894-1024x832.jpg 1024w, https:\/\/spazio11.it\/wp-content\/uploads\/2023\/10\/pulizie-decoro-04_1100x894-768x624.jpg 768w\" sizes=\"(max-width: 1100px) 100vw, 1100px\" \/>\t<\/div>\n<\/div>\n\t\t\t\t<\/div>\n\t\t\t\t<\/div>\n\t\t\t\t\t<\/div>\n\t\t<\/div>\n\t\t\t\t<div class=\"elementor-column elementor-col-50 elementor-top-column elementor-element elementor-element-b6e0529\" data-id=\"b6e0529\" data-element_type=\"column\">\n\t\t\t<div class=\"elementor-widget-wrap elementor-element-populated\">\n\t\t\t\t\t\t<div class=\"elementor-element elementor-element-235c141 elementor-widget elementor-widget-biotellus_core_accordion\" data-id=\"235c141\" data-element_type=\"widget\" data-widget_type=\"biotellus_core_accordion.default\">\n\t\t\t\t<div class=\"elementor-widget-container\">\n\t\t\t\t\t<div class=\"qodef-shortcode qodef-m  qodef-accordion clear qodef-behavior--accordion qodef-layout--simple\">\n\t<h5 class=\"qodef-accordion-title\">\n\t<span class=\"qodef-tab-title\">Vi occupate di pulizia in ambito civile e industriale?<\/span>\n\t<span class=\"qodef-accordion-mark\">\n\t\t<span class=\"qodef-icon--plus\"><svg  xmlns=\"http:\/\/www.w3.org\/2000\/svg\" xmlns:xlink=\"http:\/\/www.w3.org\/1999\/xlink\" width=\"29.92\" height=\"16.04\" viewBox=\"0 0 29.92 16.04\"><path d=\"M.82.83,15.24,15.24M29.28.66l-14,14.58\" style=\"fill:none;stroke:#231f20;stroke-linecap:square;stroke-width:1px\"\/><\/svg><\/span>\n\t\t<span class=\"qodef-icon--minus\"><svg  xmlns=\"http:\/\/www.w3.org\/2000\/svg\" xmlns:xlink=\"http:\/\/www.w3.org\/1999\/xlink\" width=\"29.92\" height=\"16.04\" viewBox=\"0 0 29.92 16.04\"><path d=\"M29.28,15.08,14.86.66M.82,15.24,14.86.66\" style=\"fill:none;stroke:#231f20;stroke-linecap:square;stroke-width:1px\"\/><\/svg><\/span>\n\t<\/span>\n<\/h5>\n<div class=\"qodef-accordion-content\">\n\t<div class=\"qodef-accordion-content-inner\">\n\t\t<p>Si. Realizziamo servizi di pulizia di immobili civili e industriali e offriamo alle aziende dei contratti a pacchetto e periodici. Contatta l'ufficio al 045 6370123.<\/p>\t<\/div>\n<\/div>\n<h5 class=\"qodef-accordion-title\">\n\t<span class=\"qodef-tab-title\">Ci sono opportunit\u00e0 di impiego in questo settore?<\/span>\n\t<span class=\"qodef-accordion-mark\">\n\t\t<span class=\"qodef-icon--plus\"><svg  xmlns=\"http:\/\/www.w3.org\/2000\/svg\" xmlns:xlink=\"http:\/\/www.w3.org\/1999\/xlink\" width=\"29.92\" height=\"16.04\" viewBox=\"0 0 29.92 16.04\"><path d=\"M.82.83,15.24,15.24M29.28.66l-14,14.58\" style=\"fill:none;stroke:#231f20;stroke-linecap:square;stroke-width:1px\"\/><\/svg><\/span>\n\t\t<span class=\"qodef-icon--minus\"><svg  xmlns=\"http:\/\/www.w3.org\/2000\/svg\" xmlns:xlink=\"http:\/\/www.w3.org\/1999\/xlink\" width=\"29.92\" height=\"16.04\" viewBox=\"0 0 29.92 16.04\"><path d=\"M29.28,15.08,14.86.66M.82,15.24,14.86.66\" style=\"fill:none;stroke:#231f20;stroke-linecap:square;stroke-width:1px\"\/><\/svg><\/span>\n\t<\/span>\n<\/h5>\n<div class=\"qodef-accordion-content\">\n\t<div class=\"qodef-accordion-content-inner\">\n\t\t<p>Le attivit\u00e0 per l'ecologia e l'ambiente sono diverse e interessanti, soprattutto in termini di sensibilit\u00e0 per chi vuole lavorare nel settore. Queste attivit\u00e0 possono impiegare anche le persone svantaggiate per le quali ci occupiamo della formazione e addestramento.\u00a0<\/p>\t<\/div>\n<\/div>\n<h5 class=\"qodef-accordion-title\">\n\t<span class=\"qodef-tab-title\">Quali certificazioni possiede SPAZIO11?<\/span>\n\t<span class=\"qodef-accordion-mark\">\n\t\t<span class=\"qodef-icon--plus\"><svg  xmlns=\"http:\/\/www.w3.org\/2000\/svg\" xmlns:xlink=\"http:\/\/www.w3.org\/1999\/xlink\" width=\"29.92\" height=\"16.04\" viewBox=\"0 0 29.92 16.04\"><path d=\"M.82.83,15.24,15.24M29.28.66l-14,14.58\" style=\"fill:none;stroke:#231f20;stroke-linecap:square;stroke-width:1px\"\/><\/svg><\/span>\n\t\t<span class=\"qodef-icon--minus\"><svg  xmlns=\"http:\/\/www.w3.org\/2000\/svg\" xmlns:xlink=\"http:\/\/www.w3.org\/1999\/xlink\" width=\"29.92\" height=\"16.04\" viewBox=\"0 0 29.92 16.04\"><path d=\"M29.28,15.08,14.86.66M.82,15.24,14.86.66\" style=\"fill:none;stroke:#231f20;stroke-linecap:square;stroke-width:1px\"\/><\/svg><\/span>\n\t<\/span>\n<\/h5>\n<div class=\"qodef-accordion-content\">\n\t<div class=\"qodef-accordion-content-inner\">\n\t\t<p><span style=\"font-weight: 400;\">Iscrizione all\u2019Albo dei Gestori Ambientali, Categoria 10 - Spazzamento Meccanizzato.<\/span><\/p><p><span style=\"font-weight: 400;\">Gestione Isole Ecologiche, Classe E - c<\/span><span style=\"font-weight: 400;\">od. CER 20.03.02 e 20.03.03.<\/span><\/p><p><span style=\"font-weight: 400;\">Certificazione ISO 14000:2015 per la Gestione ambientale N. 0655.2021.<\/span><\/p>\t<\/div>\n<\/div>\n<h5 class=\"qodef-accordion-title\">\n\t<span class=\"qodef-tab-title\">Fate iniziative di educazione ambientale?<\/span>\n\t<span class=\"qodef-accordion-mark\">\n\t\t<span class=\"qodef-icon--plus\"><svg  xmlns=\"http:\/\/www.w3.org\/2000\/svg\" xmlns:xlink=\"http:\/\/www.w3.org\/1999\/xlink\" width=\"29.92\" height=\"16.04\" viewBox=\"0 0 29.92 16.04\"><path d=\"M.82.83,15.24,15.24M29.28.66l-14,14.58\" style=\"fill:none;stroke:#231f20;stroke-linecap:square;stroke-width:1px\"\/><\/svg><\/span>\n\t\t<span class=\"qodef-icon--minus\"><svg  xmlns=\"http:\/\/www.w3.org\/2000\/svg\" xmlns:xlink=\"http:\/\/www.w3.org\/1999\/xlink\" width=\"29.92\" height=\"16.04\" viewBox=\"0 0 29.92 16.04\"><path d=\"M29.28,15.08,14.86.66M.82,15.24,14.86.66\" style=\"fill:none;stroke:#231f20;stroke-linecap:square;stroke-width:1px\"\/><\/svg><\/span>\n\t<\/span>\n<\/h5>\n<div class=\"qodef-accordion-content\">\n\t<div class=\"qodef-accordion-content-inner\">\n\t\t<p>Si, abbiamo tante idee e progetti per valorizzare le nostre attivit\u00e0 per ecologia e ambiente con lo scopo di orientare la comunit\u00e0 locale verso forme di economia sostenibile.\u00a0Segui le nostre news e <a href=\"https:\/\/spazio11.it\/index.php\/contatti\"><strong>inviaci i tuoi feedback!<\/strong><\/a><\/p>\t<\/div>\n<\/div>\n<\/div>\n\t\t\t\t<\/div>\n\t\t\t\t<\/div>\n\t\t\t\t\t<\/div>\n\t\t<\/div>\n\t\t\t\t\t<\/div>\n\t\t<\/section>\n\t\t\t\t<\/div>\n\t\t","protected":false},"excerpt":{"rendered":"<p>Spazi pubblici e privati Pulizia e decoro degli ambienti urbani Siamo un Gestore Ambientale certificato per la spazzatura meccanizzata di piazze, parcheggi e strade. Realizziamo anche la pulizia manuale di marciapiedi e camminamenti con soffiatori e aspiratori. Utilizziamo mezzi di ultima generazione con elevate prestazioni tecniche e tecnologiche. Scopri di pi\u00f9 Tecnologia e innovazione Attrezzature [&hellip;]<\/p>\n","protected":false},"author":1,"featured_media":0,"parent":0,"menu_order":0,"comment_status":"closed","ping_status":"closed","template":"page-full-width.php","meta":{"footnotes":""},"class_list":["post-4077","page","type-page","status-publish","hentry"],"_links":{"self":[{"href":"https:\/\/spazio11.it\/index.php\/wp-json\/wp\/v2\/pages\/4077","targetHints":{"allow":["GET"]}}],"collection":[{"href":"https:\/\/spazio11.it\/index.php\/wp-json\/wp\/v2\/pages"}],"about":[{"href":"https:\/\/spazio11.it\/index.php\/wp-json\/wp\/v2\/types\/page"}],"author":[{"embeddable":true,"href":"https:\/\/spazio11.it\/index.php\/wp-json\/wp\/v2\/users\/1"}],"replies":[{"embeddable":true,"href":"https:\/\/spazio11.it\/index.php\/wp-json\/wp\/v2\/comments?post=4077"}],"version-history":[{"count":95,"href":"https:\/\/spazio11.it\/index.php\/wp-json\/wp\/v2\/pages\/4077\/revisions"}],"predecessor-version":[{"id":11714,"href":"https:\/\/spazio11.it\/index.php\/wp-json\/wp\/v2\/pages\/4077\/revisions\/11714"}],"wp:attachment":[{"href":"https:\/\/spazio11.it\/index.php\/wp-json\/wp\/v2\/media?parent=4077"}],"curies":[{"name":"wp","href":"https:\/\/api.w.org\/{rel}","templated":true}]}}